65
In base 6, what is 15301433542 - -5?
15301433551
In base 5, what is -122 + -14132334320?
-14132334442
In base 10, what is -2096 - -37271?
35175
In base 5, what is 0 - 1033200321?
-1033200321
In base 14, what is -3 - -294548c?
2945489
In base 2, what is -1000000111100011011111 + 1101000?
-1000000111100001110111
In base 16, what is 29d + 1162?
13ff
In base 13, what is 82c52c + 1bc?
82c71b
In base 10, what is 3876 + -2590?
1286
In base 13, what is -a245 + 7107?
-313b
In base 4, what is 0 - 1102312120?
-1102312120
In base 7, what is 1352153611 + 1?
1352153612
In base 2, what is -1001001 + 10110010001100110?
10110010000011101
In base 2, what is 11110011110 + -101100010011111011?
-101011110101011101
In base 10, what is -1 - -12354454?
12354453
In base 6, what is -145 + -2241451?
-2242040
In base 8, what is -75 - -1672712?
1672615
In base 13, what is -436 - -41c26?
417c0
In base 8, what is -12336 - -11644?
-472
In base 15, what is 643488 + -1a?
64346d
In base 10, what is -1 + 17795362?
17795361
In base 10, what is -32973010 - 0?
-32973010
In base 15, what is 220bd18 - 1d?
220bcea
In base 8, what is 35362572 - 5?
35362565
In base 11, what is -231172022 + -1?
-231172023
In base 6, what is -55020332 - 3?
-55020335
In base 3, what is 10122122 - -21201211212?
21212111111
In base 2, what is -101110111001 + 101010011110100111?
101001101111101110
In base 4, what is -10030032100 + 10101?
-10030021333
In base 5, what is 2131134320423 + -10?
2131134320413
In base 3, what is 0 + 20112120002020002?
20112120002020002
In base 5, what is -1 - -3403431102?
3403431101
In base 7, what is 12032 + 4065?
16130
In base 2, what is -10101000001 - -1111011111100001?
1111001010100000
In base 2, what is 1000110000011011100010100101 - -101?
1000110000011011100010101010
In base 12, what is -5 - -300206a4?
3002069b
In base 4, what is -3002213232222 - -11?
-3002213232211
In base 14, what is 2893 + -718?
2179
In base 10, what is 22679 - 14?
22665
In base 12, what is -1a737 + 0?
-1a737
In base 12, what is 2515081 + 8?
2515089
In base 9, what is 2 + 58441647?
58441650
In base 15, what is 2 - -147c86d?
147c870
In base 6, what is -1 - 254223155?
-254223200
In base 5, what is 123220 + -42?
123123
In base 14, what is -130bd3 - -72?
-130b61
In base 5, what is -1134 + -4032023?
-4033212
In base 4, what is -102 - -3131302231302?
3131302231200
In base 4, what is 0 + -102130300223?
-102130300223
In base 9, what is -7606621 - -120?
-7606501
In base 4, what is 213300132313 + 1?
213300132320
In base 8, what is 6 - 12577201?
-12577173
In base 9, what is 11 - -1415743?
1415754
In base 11, what is 213 - 102a6?
-10093
In base 13, what is -b - -98c201?
98c1c3
In base 5, what is 1024204 - 2044113?
-1014404
In base 4, what is 11000 + 3222112?
3233112
In base 5, what is -10410111431 - 4?
-10410111440
In base 16, what is -7948e - 3a6?
-79834
In base 2, what is 10001101110001111110 - 101001011?
10001101101100110011
In base 3, what is -12 - -122001101110100?
122001101110011
In base 3, what is 2100220 + -12110012?
-10002022
In base 12, what is 2181bb2 + 2?
2181bb4
In base 7, what is 1 - -30432425?
30432426
In base 9, what is 66824 + 271?
67205
In base 8, what is 52510037 + 0?
52510037
In base 6, what is -3552 + -4434?
-12430
In base 16, what is 3 - 2300ee?
-2300eb
In base 15, what is 21bb3d + 0?
21bb3d
In base 6, what is -2 + -355331425?
-355331431
In base 14, what is 34 - -45d17?
45d4b
In base 6, what is -1313 + -5415252?
-5421005
In base 8, what is 3143221 + -51?
3143150
In base 15, what is 84679 + -2c?
8464c
In base 10, what is 2 + -6706?
-6704
In base 8, what is -10366177 - 103?
-10366302
In base 14, what is -45 - -14925?
148c0
In base 14, what is c7 - -6528cc?
6529b5
In base 7, what is 3652 + -40625?
-33643
In base 3, what is -1121010 + -11100022?
-12221102
In base 14, what is -921 - 5135?
-5a56
In base 12, what is 99705 - -327?
99a30
In base 7, what is -10045 + 30245?
20200
In base 10, what is 2 + -2160048?
-2160046
In base 10, what is -168252 + 1717?
-166535
In base 4, what is -310 + 1020310200200?
1020310133230
In base 12, what is -a + 10991066?
10991058
In base 9, what is -1022033 + -171?
-1022214
In base 8, what is 11 - 230232724?
-230232713
In base 9, what is -874625 + -257?
-874883
In base 15, what is 3bb0dce - -5?
3bb0dd4
In base 8, what is -150 + -61203?
-61353
In base 3, what is 1 + -112121211021001?
-112121211021000
In base 11, what is -5398487 - -2?
-5398485
In base 11, what is 60a2 - 1334?
4869
In base 2, what is -10110010001 - -10000101011?
-101100110
In base 7, what is -3 + 553315331?
553315325
In base 16, what is -4e + 9de5?
9d97
In base 6, what is -15140224 - 15?
-15140243
In base 8, what is -14622 - 615?
-15437
In base 11, what is 12480a + 4?
124813
In base 4, what is -31 + -102231120131?
-102231120222
In base 14, what is -1375 + 1311?
-64
In base 7, what is -454 - -3512?
3025
In base 9, what is -10466 + -1104?
-11571
In base 5, what is 432444434 + 11?
433000000
In base 16, what is -57e + d28e6?
d2368
In base 9, what is 28650 + 860?
30620
In base 7, what is -5556 - -144256?
135400
In base 15, what is -9e0c33 - 12?
-9e0c45
In base 13, what is -145 - 88b0?
-8a25
In base 4, what is -103 + -231132221?
-231132330
In base 13, what is -2 - 5c0c051?
-5c0c053
In base 7, what is -45 - 154604?
-154652
In base 14, what is 1d9b7a - -39?
1d9bb5
In base 15, what is 1c93896 + 3?
1c93899
In base 12, what is -141 - a7a82?
-a8003
In base 14, what is 43 + 261c8?
2622b
In base 11, what is -4471 - -112a?
-3342
In base 16, what is -5 + 4b33fe?
4b33f9
In base 8, what is 3020 - -17445?
22465
In base 13, what is 2647 - -c15?
355c
In base 15, what is 410 + 17d15?
18225
In base 13, what is -a0 + -1538?
-1608
In base 6, what is -2 + -13053205255?
-13053205301
In base 14, what is -2b + 258b41?
258b14
In base 2, what is -111010101001000000011 - -1101?
-111010101000111110110
In base 15, what is 1ab97d + 9?
1ab987
In base 7, what is 14512 - -41505?
56320
In base 10, what is -648 - 285826?
-286474
In base 4, what is 21 + 320303010112?
320303010133
In base 7, what is -1 + -11223612?
-11223613
In base 15, what is -2 + 5e57d32?
5e57d30
In base 16, what is 445e0 + -364?
4427c
In base 7, what is -1214 + -1540041?
-1541255
In base 4, what is 23102 - -3101310?
3131012
In base 13, what is -161a234 + 5?
-161a22c
In base 13, what is 4 + 636792a8?
636792ac
In base 13, what is -6b + 13b68?
13aca
In base 4, what is 2012233 + 3110300?
11123133
In base 7, what is -5221641 - -13?
-5221625
In base 15, what is 473ae1e - 2?
473ae1c
In base 3, what is 2122121011011 + 12?
2122121011100
In base 14, what is 31323d6 + -5?
31323d1
In base 5, what is -2131112141 - 13?
-2131112204
In base 16, what is 9242549 - -2?
924254b
In base 16, what is 7c - 3bfd?
-3b81
In base 13, what is -3215 + -83b53?
-87068
In base 7, what is 3 - -252154111?
252154114
In base 8, what is -22144472 + -5?
-22144477
In base 2, what is -11 + 1010001000101110000010001?
1010001000101110000001110
In base 8, what is 1 - -6007603?
6007604
In base 16, what is 3 + a1bca?
a1bcd
In base 2, what is 11100111010110110 + 10010?
11100111011001000
In base 11, what is -6a1 + 4773?
4082
In base 7, what is 24313555250 + 1?
24313555251
In base 14, what is -b62b9 - -a9?
-b6210
In base 5, what is 104 + 320001320?
320001424
In base 15, what is 19 - -e70a6?
e70c0
In base 6, what is -10533054 + -3322?
-10540420
In base 2, what is 110011111110010001001 - 100110?
110011111110001100011
In base 5, what is -1113 - -10100300?
10044132
In base 8, what is 14 - -5731371?
5731405
In base 4, what is -2020 + 10010330?
10002310
In base 8, what is 24 - 24216065?
-24216041
In base 7, what is -62111615 + -6?
-62111624
In base 2, what is -1001100110010110001010010 - 11100?
-1001100110010110001101110
In base 6, what is -4 + -214501103?
-214501111
In base 4, what is 13323320201032 - 0?
13323320201032
In base 8, what is 3504 + 1306?
5012
In base 11, what is 294 + 13632?
13916
In base 8, what is 17027 - 257?
16550
In base 2, what is 101111000 + 1010001111000010?
1010010100111010
In base 3, what is 1021 - -111012001111?
111012002202
In base 4, what is 3033331102 + -101?
3033331001
In base 11, what is 135 + 1aa76a2?
1aa7827
In base 14, what is 5 - -2bbbcb?
2bbbd2
In base 15, what is -4d0c + -5040?
-9d4c
In base 